 30 and 581650.
10
What is the greatest common divisor of 6480 and 8964?
108
Calculate the highest common factor of 108834 and 1683.
561
What is the greatest common divisor of 408 and 18552?
24
What is the highest common divisor of 25 and 14800?
25
Calculate the highest common factor of 144 and 41394.
6
Calculate the greatest common divisor of 3237 and 826514.
1079
Calculate the greatest common divisor of 220133 and 1955.
391
What is the greatest common divisor of 16949 and 187?
17
What is the highest common divisor of 378 and 1571724?
378
What is the highest common divisor of 50472 and 56?
8
Calculate the greatest common divisor of 4193 and 126.
7
What is the greatest common factor of 153486 and 18?
18
What is the highest common factor of 800 and 355?
5
Calculate the highest common factor of 1719305 and 70.
35
What is the highest common divisor of 13741 and 1183?
91
What is the greatest common divisor of 4002 and 529?
23
Calculate the greatest common divisor of 37 and 569837.
37
What is the greatest common factor of 8925 and 24675?
525
What is the highest common divisor of 48 and 9816?
24
Calculate the greatest common factor of 50 and 5410150.
50
Calculate the greatest common divisor of 3497 and 15184.
13
What is the highest common factor of 115 and 1255?
5
Calculate the highest common divisor of 784 and 1570352.
784
What is the highest common factor of 7693 and 1666?
49
Calculate the highest common factor of 364 and 1304212.
364
Calculate the greatest common factor of 465044 and 76.
76
What is the highest common divisor of 164976 and 491?
491
Calculate the greatest common divisor of 16 and 406576.
16
What is the highest common factor of 1220 and 595177?
61
Calculate the highest common factor of 70200 and 208.
104
What is the greatest common factor of 4312 and 335944?
392
What is the greatest common factor of 47915 and 14?
7
Calculate the greatest common divisor of 48983 and 3146.
11
What is the greatest common factor of 2032 and 128?
16
Calculate the greatest common divisor of 6757866 and 1476.
738
What is the highest common factor of 460 and 683500?
20
Calculate the greatest common factor of 1081 and 110027.
47
What is the greatest common factor of 1278 and 23714?
142
Calculate the highest common factor of 29536 and 2336.
32
What is the greatest common divisor of 26156 and 7852?
52
Calculate the highest common factor of 115963 and 1.
1
What is the highest common factor of 75301 and 1172?
293
What is the highest common factor of 2700 and 27394200?
2700
Calculate the highest common divisor of 7040 and 336640.
640
What is the greatest common factor of 120 and 147420?
60
What is the greatest common divisor of 176 and 2552?
88
What is the highest common factor of 28478 and 58?
58
Calculate the highest common factor of 252994 and 4046.
238
Calculate the highest common divisor of 8364 and 1836.
204
What is the greatest common divisor of 178534 and 204?
34
What is the greatest common divisor of 15160063 and 1549?
1549
What is the highest common divisor of 804 and 124728?
12
What is the greatest common factor of 504 and 21434?
14
Calculate the greatest common factor of 135805 and 13840.
865
What is the highest common factor of 39429 and 105818?
337
Calculate the greatest common divisor of 36645 and 45.
15
Calculate the highest common divisor of 7371 and 33291.
81
Calculate the greatest common divisor of 5 and 1471345.
5
What is the greatest common factor of 660200 and 24?
8
What is the greatest common factor of 32 and 60720?
16
Calculate the highest common factor of 100 and 19060.
20
What is the greatest common divisor of 258 and 809690?
86
What is the highest common factor of 11248 and 5472?
304
Calculate the highest common factor of 3747780 and 30.
30
Calculate the greatest common divisor of 5629969 and 1366.
683
What is the greatest common factor of 5200 and 352?
16
Calculate the highest common factor of 74620 and 41.
41
What is the greatest common factor of 3360 and 10360?
280
What is the highest common factor of 89853 and 9699?
183
What is the greatest common factor of 256 and 3968?
128
Calculate the greatest common factor of 4380 and 400770.
2190
What is the highest common factor of 5761 and 119?
7
Calculate the greatest common divisor of 4500 and 2910.
30
What is the highest common divisor of 283680 and 5280?
480
What is the highest common divisor of 78 and 108147?
39
Calculate the greatest common factor of 796 and 12638092.
796
What is the highest common factor of 165 and 1056?
33
What is the greatest common factor of 5896 and 9416?
88
Calculate the highest common factor of 221088 and 2961.
987
What is the greatest common factor of 244321 and 3971?
209
What is the highest common divisor of 6993 and 5883?
111
Calculate the greatest common factor of 2051 and 4291.
7
Calculate the greatest common factor of 338348 and 20.
4
Calculate the greatest common factor of 174000 and 125.
125
What is the highest common divisor of 84224 and 48?
16
Calculate the greatest common divisor of 15621 and 4191.
381
What is the greatest common factor of 2594797 and 163?
163
Calculate the greatest common factor of 76 and 4604.
4
Calculate the greatest common divisor of 623 and 22072.
89
What is the highest common factor of 160821 and 1284?
321
What is the highest common divisor of 10994 and 1173?
23
What is the highest common factor of 134 and 61037?
67
What is the highest common divisor of 514470 and 154?
22
Calculate the greatest common factor of 45 and 10089.
9
Calculate the greatest common divisor of 145 and 164355.
5
Calculate the greatest common factor of 33683 and 104.
13
What is the highest common divisor of 10536 and 96?
24
Calculate the greatest common factor of 36492 and 12.
12
Calculate the highest common divisor of 6150 and 1096545.
615
What is the greatest common factor of 45425 and 1501?
79
Calculate the greatest common factor of 590 and 402734.
118
Calculate the highest common divisor of 493 and 11007704.
493
Calculate the highest common factor of 279052 and 4.
4
What is the highest common factor of 200 and 1237600?
200
Calculate the greatest common divisor of 11639 and 206.
103
Calculate the greatest common divisor of 181495 and 20.
5
Calculate the highest common factor of 6815 and 440.
5
What is the greatest common factor of 165 and 460?
5
What is the greatest common factor of 4207551 and 1173?
1173
What is the highest common factor of 130977 and 55?
11
Calculate the greatest common divisor of 715 and 6259.
11
What is the highest common divisor of 18064808 and 134?
134
Calculate the greatest common factor of 112 and 516824.
56
What is the highest common factor of 50713 and 89557?
1079
Calculate the greatest common divisor of 2750 and 605.
55
What is the greatest common divisor of 2190 and 5256?
438
What is the greatest common factor of 10424132 and 1844?
1844
What is the greatest common factor of 6306 and 2?
2
Calculate the greatest common divisor of 44682 and 330.
66
What is the greatest common factor of 9416 and 704?
88
Calculate the highest common divisor of 40565 and 350.
35
What is the highest common divisor of 1276 and 1711?
29
What is the greatest common factor of 1604 and 515686?
802
Calculate the greatest common factor of 2097191 and 41.
41
Calculate the highest common factor of 7585 and 574.
41
Calculate the greatest common divisor of 1744 and 14576.
16
Calculate the highest common divisor of 30 and 504105.
15
Calculate the greatest common divisor of 3488 and 286343.
109
What is the highest common factor of 10049 and 45607?
773
Calculate the greatest common divisor of 13140311 and 166.
83
What is the greatest common divisor of 288 and 297888?
96
Calculate the highest common factor of 684545 and 725.
145
What is the highest common factor of 22 and 19811?
11
What is the greatest common factor of 194 and 48791?
97
Calculate the highest common factor of 9724 and 16133.
221
What is the highest common divisor of 216 and 305352?
72
What is the greatest common divisor of 1312 and 74456?
328
What is the greatest common factor of 365178 and 6?
6
Calculate the greatest common factor of 24448 and 1920.
128
What is the greatest common divisor of 1280 and 1861760?
640
What is the highest common factor of 436007 and 77?
11
Calculate the greatest co